{"id":33,"date":"2015-04-06T15:58:45","date_gmt":"2015-04-06T12:58:45","guid":{"rendered":"http:\/\/gatec.fi\/wordpress\/?page_id=33"},"modified":"2019-04-10T17:47:08","modified_gmt":"2019-04-10T14:47:08","slug":"uutiset","status":"publish","type":"page","link":"http:\/\/gatec.fi\/wordpress\/uutiset\/","title":{"rendered":"Uutiset"},"content":{"rendered":"<p>31.12.2015<br \/>\nYrityksen nimi muutettiin muodosta Gateway Europe-China muotoon Gateway Europe-China Oy Ltd.<\/p>\n<hr \/>\n<p>12.4.2015<br \/>\nNettisivustomme uudistettiin.<\/p>\n<hr \/>\n<p>4.3.2015<br \/>\nGateway Europe-China osallistui Kiinan markkinoiden mahdollisuudet -tilaisuuteen Hyvink\u00e4\u00e4ll\u00e4. Lu Wei puhui seminaarissa aiheesta &#8221;Mit\u00e4 edellytt\u00e4\u00e4 onnistunut liiketoiminta Kiinassa?&#8221; Ks. <a href=\"http:\/\/www.gatec.fi\/files\/Kiina-tilaisuus%2004032015.pdf\">ohjelma<\/a>.<\/p>\n<hr \/>\n<p>Lokakuu 2011<br \/>\nGateway Europe \u2013 Chinan nettisivusto julkaistiin.<\/p>\n","protected":false},"excerpt":{"rendered":"<p>31.12.2015 Yrityksen nimi muutettiin muodosta Gateway Europe-China muotoon Gateway Europe-China Oy Ltd. 12.4.2015 Nettisivustomme uudistettiin. 4.3.2015 Gateway Europe-China osallistui Kiinan markkinoiden mahdollisuudet -tilaisuuteen Hyvink\u00e4\u00e4ll\u00e4. Lu Wei puhui seminaarissa aiheesta &#8221;Mit\u00e4 <a class=\"more-link\" href=\"http:\/\/gatec.fi\/wordpress\/uutiset\/\">Continue Reading &amp;rarr;<\/a><\/p>\n","protected":false},"author":2,"featured_media":0,"parent":0,"menu_order":7,"comment_status":"closed","ping_status":"closed","template":"","meta":{"footnotes":""},"_links":{"self":[{"href":"http:\/\/gatec.fi\/wordpress\/wp-json\/wp\/v2\/pages\/33"}],"collection":[{"href":"http:\/\/gatec.fi\/wordpress\/wp-json\/wp\/v2\/pages"}],"about":[{"href":"http:\/\/gatec.fi\/wordpress\/wp-json\/wp\/v2\/types\/page"}],"author":[{"embeddable":true,"href":"http:\/\/gatec.fi\/wordpress\/wp-json\/wp\/v2\/users\/2"}],"replies":[{"embeddable":true,"href":"http:\/\/gatec.fi\/wordpress\/wp-json\/wp\/v2\/comments?post=33"}],"version-history":[{"count":8,"href":"http:\/\/gatec.fi\/wordpress\/wp-json\/wp\/v2\/pages\/33\/revisions"}],"predecessor-version":[{"id":134,"href":"http:\/\/gatec.fi\/wordpress\/wp-json\/wp\/v2\/pages\/33\/revisions\/134"}],"wp:attachment":[{"href":"http:\/\/gatec.fi\/wordpress\/wp-json\/wp\/v2\/media?parent=33"}],"curies":[{"name":"wp","href":"https:\/\/api.w.org\/{rel}","templated":true}]}}